*a + 9. What is y(6)?
-3
Let k(p) = -p**3 - 7*p**2 + 4*p - 1. What is k(-7)?
-29
Let w(o) = -94*o - 3. What is w(1)?
-97
Let y(t) = 27*t + 26. What is y(4)?
134
Let m(f) = -f**3 + 4*f**2 + 5*f - 4. What is m(5)?
-4
Let m(d) = -d**3 - 10*d**2 + 33*d + 11. Give m(-13).
89
Let n(f) = f**2 - f + 16. Determine n(0).
16
Let x(c) = -c**2 + 7*c + 6. Determine x(7).
6
Let a(q) = q**2 + 9*q + 9. Calculate a(-7).
-5
Let d(x) = -x**3 + 9*x**2 + 18*x - 26. Determine d(11).
-70
Let o(d) = -d**3 - 7*d**2 - 5*d + 9. Determine o(-6).
3
Let z(w) = w**3 + 8*w**2 + 7*w - 27. What is z(-6)?
3
Let k(x) = -x**3 - 4*x**2 + 3*x - 13. Determine k(-5).
-3
Let r(j) = 2*j + 16. Give r(-10).
-4
Let u(g) = g**3 + 20*g**2 + g + 6. Give u(-20).
-14
Let q(v) = -v**2 + 20*v + 85. What is q(-5)?
-40
Let n(f) = 7*f - 26. What is n(6)?
16
Let a(m) = -53*m + 206. Calculate a(4).
-6
Let t(f) = 9*f + 5. What is t(-1)?
-4
Let y(d) = 2*d**3 - 56*d**2 - 3*d + 8. Determine y(28).
-76
Let t(q) = -5*q**3 + 3*q**2 - 2*q - 1. Calculate t(2).
-33
Let s(l) = -l**2 + 18*l + 11. Calculate s(17).
28
Let h(y) = y**3 - 10*y**2 + 9*y - 10. Calculate h(9).
-10
Let a(s) = -s**3 - 9*s**2 + 4*s + 34. Calculate a(-9).
-2
Let u(q) = 2*q**3 - 11*q**2 - 5*q - 13. Give u(6).
-7
Let i(k) = -k - 6. What is i(6)?
-12
Let f(c) = -3*c - 5. Give f(4).
-17
Let j(p) = -2*p - 3. What is j(1)?
-5
Let u(r) = -r**3 - r**2 + 4*r + 5. Give u(-2).
1
Let q(t) = -t**3 - 17*t**2 - 16*t - 2. What is q(-16)?
-2
Let c(n) = -3*n**2 + 4. Determine c(-2).
-8
Let w(z) = 3*z**2 + 41*z + 29. Determine w(-13).
3
Let a(y) = -y**3 - 4*y**2 + 7*y + 14. What is a(-4)?
-14
Let y(r) = 3*r**2 + 3*r - 4. Give y(2).
14
Let b(v) = v**3 + 21*v**2 - 24. Determine b(-21).
-24
Let w(r) = -6*r**2 + 29*r - 3. Give w(4).
17
Let w(j) = j**2 + j + 3. Determine w(0).
3
Let d(p) = p**2 + 14*p + 8. Calculate d(-14).
8
Let s(h) = h**3 + h - 21. Calculate s(0).
-21
Let j(b) = -b**2 - 3*b + 1. Calculate j(2).
-9
Let z(t) = t - 20. Give z(29).
9
Let j(a) = -a**2 + 6*a - 7. Calculate j(4).
1
Let z(n) = -n**3 + 3*n**2 + 4*n + 3. Give z(-2).
15
Let q(t) = 3*t - 1. Give q(2).
5
Let i(y) = y**2 - 3*y - 3. Calculate i(4).
1
Let p(q) = 2*q**2 + 42*q - 51. Determine p(-22).
-7
Let n(r) = 36*r + 303. What is n(-8)?
15
Let h(z) = -z**3 + 10*z**2 + 14*z - 27. What is h(11)?
6
Let x(m) = -m**2 - 17*m - 34. What is x(-14)?
8
Let p(n) = -n**2 + 21*n + 65. Give p(24).
-7
Let q(i) = 6*i + 152. Calculate q(-26).
-4
Let a(m) = -2*m - 7. Determine a(-7).
7
Let j(t) = t**3 - 5*t**2 + 4*t - 3. What is j(2)?
-7
Let h(z) = -z**3 - 5*z**2 + 13*z + 1. Give h(-7).
8
Let x(b) = b**3 + 8*b**2 + 2*b + 4. Determine x(-6).
64
Let i(l) = -4*l - 30. What is i(-14)?
26
Let b(w) = w**2 - 11*w + 16. Determine b(6).
-14
Let x(t) = 2*t**3 - 28*t**2 + 5*t - 52. What is x(14)?
18
Let m(v) = v**2 - 18*v - 41. Give m(20).
-1
Let t(h) = -4*h**3 + 35*h**2 + 10*h + 17. What is t(9)?
26
Let t(b) = -b + 33. Calculate t(-13).
46
Let o(m) = -7*m - 29. Calculate o(-6).
13
Let h(i) = -i - 33. Give h(-27).
-6
Let r(y) = y**3 - 14*y**2 + 13*y - 16. Determine r(13).
-16
Let a(s) = -s**2 + 18*s + 38. Calculate a(20).
-2
Let c(n) = 17*n + 80. Give c(-5).
-5
Let u(s) = s**3 - 23*s**2 - 23*s - 22. Determine u(24).
2
Let d(k) = k**3 - 6*k**2 + 3*k + 2. What is d(5)?
-8
Let y(q) = -q**2 + 32*q + 3. Calculate y(32).
3
Let s(m) = -m**3 + 4*m**2 - 4. Give s(3).
5
Let d(y) = -4*y**3 - 4*y**2 + y + 3. Determine d(2).
-43
Let o(u) = u**2 + 4*u + 6. Determine o(-4).
6
Let h(f) = -f**2 + 13*f - 24. Calculate h(11).
-2
Let j(l) = -l**2 - 19*l - 48. Give j(-4).
12
Let k(v) = v**2 - 18*v + 8. Calculate k(18).
8
Let j(a) = -a**3 + 31*a**2 + 2*a - 27. What is j(31)?
35
Let m(g) = -15*g**3 + g**2 - g. Calculate m(1).
-15
Let f(w) = w**2 + 62*w + 783. What is f(-44)?
-9
Let b(v) = 3*v - 4. Determine b(3).
5
Let h(s) = 4*s + 15. What is h(5)?
35
Let l(t) = 8*t**3 - 3*t - 2. Calculate l(-1).
-7
Let x(p) = p**3 + 14*p**2 + 15*p + 16. Determine x(-13).
-10
Let b(x) = -x + 9. Determine b(0).
9
Let n(x) = -x**2 - 6*x - 3. Give n(-5).
2
Let u(m) = m**3 + 7*m**2 - 2*m - 13. Give u(-6).
35
Let s(i) = 10*i**3 + 202*i**2 + 39*i - 20. Determine s(-20).
0
Let j(t) = -13*t**3 - 2*t**2 + t. Give j(1).
-14
Let i(m) = 9*m**2 - 3*m - 12. Determine i(2).
18
Let r(o) = 2*o**2 + 4*o + 3. Give r(5).
73
Let h(u) = -u**2 - u - 3. Give h(4).
-23
Let i(q) = -11*q - 38. Give i(-4).
6
Let w(x) = -x**2 + 23*x - 91. Calculate w(8).
29
Let f(r) = r**2 + 4*r - 32. What is f(-7)?
-11
Let y(w) = -w - 21. Give y(0).
-21
Let v(y) = 6*y**2 - y + 2. Determine v(1).
7
Let d(q) = -q**3 + 4*q**2 + q + 15. Give d(5).
-5
Let l(x) = x**3 + 19*x**2 + 34*x + 6. Determine l(-17).
6
Let u(g) = -g**3 + 5*g**2 - 8. What is u(6)?
-44
Let q(d) = -2*d**3 - 4*d**2 + 2*d + 4. Determine q(-3).
16
Let w(h) = -h**3 - 7*h**2 - 8*h. What is w(-5)?
-10
Let h(y) = -y**3 + y - 1. Determine h(0).
-1
Let t(a) = a + 10. Give t(-11).
-1
Let w(v) = -35*v - 275. What is w(-8)?
5
Let q(c) = -c**3 + 2*c + 1. Give q(2).
-3
Let y(z) = -z - 17. Calculate y(-7).
-10
Let a(n) = -2*n**2 + 140. Give a(9).
-22
Let o(g) = -3*g - 8. What is o(-1)?
-5
Let u(b) = -b**3 + 8*b**2 - 7*b. What is u(5)?
40
Let q(d) = -d**3 - 19*d**2 - 17*d + 21. What is q(-18)?
3
Let u(d) = 41*d + 171. Determine u(-4).
7
Let f(w) = w**2 + 11*w + 29. Calculate f(-5).
-1
Let f(k) = k**3 - 4*k**2 - 4*k + 4. Determine f(5).
9
Let i(w) = -6*w + 2. Give i(1).
-4
Let g(n) = -11*n + 20. What is g(3)?
-13
Let c(d) = -8*d + 3. What is c(1)?
-5
Let q(v) = 6*v + 27. Give q(-5).
-3
Let v(s) = s**2 + 13*s + 15. Determine v(-11).
-7
Let d(p) = 2*p**2 - 12*p - 10. What is d(9)?
44
Let m(u) = -u**3 + 5*u**2 + 11*u - 4. Determine m(7).
-25
Let j(a) = 3*a**2 - 17*a - 4. Determine j(8).
52
Let a(x) = -12*x + 26. Calculate a(3).
-10
Let r(z) = -z**3 + 6*z**2 + 17*z - 36. Determine r(7).
34
Let h(r) = r**2 + 7*r - 1. Determine h(-11).
43
Let h(s) = -s**3 + 5*s**2 + 10*s + 21. What is h(7)?
-7
Let z(o) = 2*o**2 + 9*o - 1. Give z(-7).
34
Let n(w) = 2*w**2 - 43*w + 16. Calculate n(21).
-5
Let v(k) = k**3 + 11*k**2 - 9*k - 5. Calculate v(-12).
-41
Let q(s) = s**2 - 4*s + 8. Give q(4).
8
Let s(i) = i - 3. What is s(5)?
2
Let q(g) = -30*g**2 - 2*g + 1. Determine q(1).
-31
Let k(o) = 4*o + 87. Calculate k(-22).
-1
Let t(s) = -6*s**3 + 1. What is t(-1)?
7
Let j(k) = -k**2 - 18*k - 13. Calculate j(-15).
32
Let f(w) = -174*w - 521. What is f(-3)?
1
Let p(f) = -2*f**3 + 2*f**2 + f + 7. Determine p(3).
-26
Let t(w) = 3*w**2 - 57*w - 4. What is t(19)?
-4
Let b(k) = -6*k - 5. What is b(7)?
-47
Let n(p) = -p**3 - 3*p**2 + 4*p + 5. What is n(-4)?
5
Let q(f) = f**3 + 5*f**2 + 9*f - 9. Determine q(-5).
-54
Let d(k) = k + 3. Calculate d(-5).
-2
Let o(t) = -24*t**3 - 2*t**2 - 3*t - 2. Give o(-1).
23
Let q(o) = -2*o**2 - 7*o - 10. What is q(5)?
-95
Let o(s) = -23*s - 59. Determine o(-8).
125
Let j(o) = -o + 26. Calculate j(18).
8
Let j(p) = 10*p + 493. Calculate j(-50).
-7
Let o(s) = s**3 - 19*s**2 + 7*s + 31. Determine o(18).
-167
Let l(n) = n**3 - 6*n**2 + 2*n + 11. Give l(5).
-4
Let j(q) = -6*q + 25. Calculate j(14).
-59
Let x(p) = p**3 - 4*p**2 + 5*p - 11. Determine x(3).
-5
Let s(c) = -12*c - 48. Calculate s(-7).
36
Let p(o) = o**2 - 10*o - 12. Calculate p(7).
-33
Let z(n) = 8*n**2. Calculate z(1).
8
Let r(u) = u**3 - 5*u**2 - 3*u - 12. Calculate r(6).
6
Let o(w) = w**3 - 10*w**2 + 16*w - 6. Give o(8).
-6
Let n(y) = -y**3 + y**2 + y + 70. What is n(0)?
70
Let x(a) = -a**2 - 16*a + 14. Determine x(-18).
-22
Let r(d) = -d**3 + 17*d**2 - 3*d + 69. Give r(17).
18
Let a(f) = f - 14. Give a(21).
7
Let a(p) = p**2 + 12*p + 23. Give a(-10).
3
Let r(b) = -b**3 - b**2 + 7*b. What is r(-3)?
-3
Let l(d) = -2*d**2 + 26*d - 15. Calculate l(10).
45
Let j(c) = -c**3 + c**2 + 3*c + 4. Determine j(3).
-5
Let k(z) = -5*z - 16. Give k(-7).
19
Let t(p) = 89*p - 10. Give t(0).
-10
Let h(k) = -k**3 - 12*k**2 - 14*k - 25. Calculate h(-11).
8
Let b(q) = -q**3 + 10*q**2 - q + 6. What is b(10)?
-4
Let i(n) = -7*n + 83. Calculate i(10).
13
Let y(o) = -6*o**3 + 2*o**2 - 2*o + 1. Give y(1).
-5
Let m(f) = -f**2 + 25*f + 50. Give m(27).
-4
Let s(y) = -y**3 + 10*y**2 - 9*y + 6. What is s(9)?
6
Let j(d) = d**3 + 17*d**2 - 8*d - 138. Determine j(-17).
-2
Let v(p) = -2*p**2 - 22*p + 44. What is v(-13)?
-8